e 14.
-2514
1001000100000001 (base 2) to base 13
13b86
What is 1010001011010 (base 2) in base 13?
24aa
488 (base 13) to base 6
3352
67d0 (base 15) to base 11
155a9
Convert -80 (base 13) to base 10.
-104
-5a7 (base 11) to base 12
-502
Convert 37a7 (base 12) to base 15.
1d14
Convert 6460 (base 7) to base 3.
10011001
2371 (base 11) to base 10
3103
What is 617 (base 16) in base 15?
6de
-817 (base 14) to base 2
-11000110101
Convert -20102 (base 4) to base 10.
-530
What is 32322 (base 4) in base 10?
954
What is 2255b (base 13) in base 12?
30171
4316 (base 11) to base 5
140304
-2bb0 (base 12) to base 13
-247b
Convert 6616 (base 7) to base 2.
100100111101
Convert 1b5c4 (base 13) to base 12.
27119
Convert 6083 (base 9) to base 4.
1011201
-4143 (base 6) to base 11
-773
6066 (base 7) to base 5
31411
110101 (base 3) to base 5
2314
Convert -138c (base 14) to base 7.
-13035
Convert 19d0 (base 16) to base 11.
4a68
What is -1480 (base 9) in base 6?
-5113
Convert -3254 (base 9) to base 10.
-2398
110000000010100 (base 2) to base 5
1241341
-110111000011 (base 2) to base 5
-103043
Convert 3622 (base 11) to base 7.
16554
What is 8771 (base 9) in base 10?
6463
243 (base 11) to base 15
144
What is 33999 (base 12) in base 8?
206305
-16666 (base 9) to base 11
-8698
Convert -82 (base 9) to base 16.
-4a
-1221213 (base 4) to base 12
-3ab3
-234 (base 8) to base 12
-110
Convert 441 (base 10) to base 14.
237
-20d (base 14) to base 10
-405
What is -120110110 (base 3) in base 9?
-16413
Convert -12200101 (base 3) to base 7.
-15034
Convert -2a (base 12) to base 13.
-28
What is 11100011111 (base 2) in base 9?
2445
Convert -21c (base 13) to base 4.
-11223
Convert 3210303 (base 4) to base 10.
14643
5385 (base 9) to base 16
f7d
Convert 13232 (base 5) to base 11.
890
122010 (base 3) to base 16
1ce
What is 9d9 (base 14) in base 11?
1518
Convert 1b3 (base 12) to base 3.
101100
What is 34042 (base 5) in base 7?
6663
-2515 (base 13) to base 16
-1489
Convert 36db (base 15) to base 6.
130025
What is -2c6 (base 16) in base 9?
-868
Convert -353 (base 8) to base 10.
-235
-7e (base 15) to base 13
-92
-5235 (base 6) to base 12
-81b
24043 (base 5) to base 4
123231
-29668 (base 11) to base 12
-20411
What is 370 (base 11) in base 10?
440
What is -6660 (base 15) in base 14?
-7c94
What is 227d (base 14) in base 12?
3573
Convert 4437 (base 8) to base 3.
10012111
What is 4935 (base 10) in base 6?
34503
What is -23313 (base 4) in base 7?
-2133
What is 1133032 (base 5) in base 2?
101001000011001
-282 (base 16) to base 13
-3a5
Convert -165 (base 8) to base 10.
-117
What is -664 (base 8) in base 7?
-1162
Convert -27a1 (base 13) to base 3.
-21211102
Convert -6e7 (base 16) to base 7.
-5103
Convert -294a (base 14) to base 15.
-227d
What is 510 (base 13) in base 12?
5b6
What is 1242103 (base 5) in base 11?
17582
-394 (base 15) to base 11
-680
What is -100010111110 (base 2) in base 4?
-202332
Convert -2210221 (base 3) to base 8.
-4002
What is 322 (base 4) in base 9?
64
Convert -31b (base 16) to base 15.
-380
Convert 637c (base 13) to base 5.
420132
-1c5 (base 16) to base 15
-203
-1849 (base 15) to base 9
-7166
What is -4a96 (base 13) in base 14?
-3c13
What is -3074 (base 8) in base 12?
-b10
6240 (base 12) to base 10
10704
Convert 22635 (base 9) to base 4.
3223322
517 (base 11) to base 16
26f
What is 6f9a (base 16) in base 10?
28570
What is 3728 (base 14) in base 8?
22650
110010 (base 2) to base 7
101
What is d13 (base 15) in base 14?
1103
Convert 234 (base 7) to base 15.
83
Convert 100100100000 (base 2) to base 7.
6545
-1100010101110 (base 2) to base 14
-2434
Convert -11145 (base 7) to base 8.
-5412
What is -3db (base 14) in base 5?
-11111
4091 (base 12) to base 14
27b7
278b (base 15) to base 9
12535
-3df (base 16) to base 6
-4331
What is 177 (base 13) in base 10?
267
What is -11353 (base 10) in base 3?
-120120111
1021001122 (base 3) to base 9
37048
-37c9 (base 16) to base 8
-33711
Convert 8353 (base 11) to base 7.
44162
What is -4051 (base 8) in base 9?
-2771
Convert -5e53 (base 16) to base 4.
-11321103
What is -2541 (base 8) in base 6?
-10213
Convert -37e (base 16) to base 9.
-1203
-100 (base 5) to base 13
-1c
53a (base 12) to base 3
1001101
Convert 7a (base 11) to base 3.
10020
306 (base 8) to base 9
240
What is 5fd (base 16) in base 6?
11033
-3001 (base 6) to base 12
-461
Convert 229a (base 13) to base 7.
20111
What is 31540 (base 8) in base 5?
410102
Convert 2767 (base 8) to base 15.
6bc
-961 (base 14) to base 5
-24344
-32150 (base 7) to base 13
-3824
Convert -3342 (base 8) to base 6.
-12054
Convert -148 (base 12) to base 13.
-125
What is 33023 (base 4) in base 10?
971
Convert 12112 (base 4) to base 9.
501
-1064 (base 10) to base 2
-10000101000
Convert -2012000 (base 3) to base 14.
-81b
1311 (base 6) to base 14
199
1010120200 (base 3) to base 5
1203133
What is 3202 (base 5) in base 10?
427
Convert 2456 (base 9) to base 2.
11100101001
Convert 242200 (base 6) to base 8.
51370
221413 (base 5) to base 13
369b
Convert -101200 (base 4) to base 9.
-1474
Convert 2256 (base 7) to base 12.
589
What is 117 (base 11) in base 8?
213
Convert -411404 (base 5) to base 8.
-32052
-51 (base 15) to base 2
-1001100
What is -c8b9 (base 14) in base 16?
-8763
What is 1313 (base 5) in base 14?
10c
What is 2545 (base 8) in base 2?
10101100101
Convert 169 (base 10) to base 9.
207
Convert -41552 (base 8) to base 16.
-436a
What is 1010222222 (base 3) in base 5?
1210343
Convert 507a (base 14) to base 7.
55213
Convert 268 (base 12) to base 2.
101110000
Convert a4a (base 14) to base 12.
120a
Convert 1054 (base 6) to base 3.
100021
-2cd2 (base 15) to base 8
-22657
Convert -10002020 (base 3) to base 5.
-32442
Convert 231113 (base 4) to base 7.
11315
What is c45 (base 16) in base 9?
4270
What is 9457 (base 16) in base 3?
1221002111
What is -1312323 (base 4) in base 15?
-23c6
-1323 (base 11) to base 14
-8ab
1a1 (base 14) to base 8
521
-41341 (base 7) to base 3
-111212221
What is -36477 (base 8) in base 13?
-71a1
What is -110200 (base 3) in base 6?
-1330
-2021 (base 6) to base 9
-544
Convert 3022111 (base 5) to base 10.
48406
-6648 (base 14) to base 2
-100010100101000
1c6 (base 15) to base 12
2a3
-10829 (base 10) to base 2
-10101001001101
-11220 (base 4) to base 14
-1ba
Convert 113626 (base 7) to base 4.
11001013
e34 (base 15) to base 8
6177
What is a595 (base 12) in base 8?
43301
469 (base 15) to base 14
515
Convert 6ff (base 16) to base 14.
91d
What is -5b3 (base 15) in base 5?
-20133
-23214 (base 5) to base 3
-2022101
12863 (base 13) to base 9
52148
What is -1403 (base 8) in base 16?
-303
Convert -1310 (base 10) to base 6.
-10022
What is -4669 (base 14) in base 10?
-12245
Convert -1011101001100001 (base 2) to base 12.
-23741
135 (base 12) to base 16
b9
Convert 2a8 (base 12) to base 8.
640
What is 554 (base 13) in base 9?
1225
-1540 (base 6) to base 12
-2b0
-10121010 (base 3) to base 13
-1269
142342 (base 6) to base 12
79b2
Convert 34242 (base 5) to base 14.
c6b
What is 30312 (base 4) in base 16?
336
What is 43b (base 12) in base 11?
517
Convert -1016a (base 13) to base 10.
-28818
Convert 125 (base 8) to base 2.
1010101
-101110101 (base 2) to base 13
-229
20341 (base 5) to base 10
1346
What is 103012 (base 4) in base 6?
5354
What is 220122110 (base 3) in base 14?
6795
What is 1617 (base 8) in base 4?
32033
Convert -3515 (base 6) to base 8.
-1507
What is 772c (base 16) in base 3?
1112211221
Convert 135431 (base 6) to base 8.
31153
Convert -2023 (base 6) to base 5.
-3242
1111100011 (base 2) to base 8
1743
What is 65b (base 13) in base 16?
442
Convert 1a77 (base 12) to base 14.
128b
What is -3122331 (base 4) in base 5?
-422023
What is 328 (base 10) in base 11?
279
What is 4810 (base 10) in base 6?
34134
What is -28c (base 13) in base 4?
-13012
Convert 261b (base 12) to base 7.
15443
Convert 2286 (base 9) to base 8.
3242
30 (base 10) to base 13
24
Convert -1126 (base 13) to base 2.
-100101011110
817d (base 15) to base 10
27343
Convert 22752 (base 11) to base 8.
100120
What is -10000 (base 5) in base 12?
-441
5a43 (base 12) to base 11
7680
Convert 576 (base 11) to base 15.
30d
-6713 (base 8) to base 7
-13203
What is -1144 (base 8) in base 16?
-264
-4432 (base 5) to base 4
-21221
-2671 (base 8) to base 2
-10110111001
1242012 (base 5) to ba